divisor of h and 11.
11
Let i = -3549 + 3571. What is the highest common divisor of i and 15?
1
Let w = -1302 + 1536. Calculate the greatest common divisor of w and 1950.
78
Suppose -5*a - 5*o + 66 = -39, -5*a + 93 = 2*o. Suppose -2*h + 3 = -5, -5*y = -2*h - 587. Calculate the highest common factor of y and a.
17
Let t(m) = 2*m**2 + 2*m + 7. Let k be t(0). Suppose k*p + 15 = 78. What is the greatest common divisor of p and 63?
9
Suppose m = a - 79, -113*m - 410 = -5*a - 111*m. Let d be ((-14)/5)/(1/5). Let i be ((-98)/6)/(d/a). Calculate the highest common factor of i and 14.
14
Let c = 12 - -3. Let m = -6 + c. Let i be 2/10 - (-5)/(-25) - (-715)/260*36. What is the greatest common divisor of m and i?
9
Suppose 3317*g - 3267 = 3306*g. What is the greatest common divisor of 352 and g?
11
Suppose -2*q + 5*g = -52, 3*q + 4*g - 64 = -2*q. Suppose 148*n + 1632 = 154*n. Calculate the greatest common factor of n and q.
16
Let h be (-4)/(-20) + (-1464788)/(-260). What is the greatest common factor of 27 and h?
9
Let s(f) = 12*f - 100. Let z be s(10). Let b be (-128)/(-7) - z/70. Calculate the highest common factor of 78 and b.
6
Let b(l) = 75*l - 1122. Let d be b(15). What is the greatest common factor of d and 4?
1
Suppose -v + 4 = f, -4*v - 5*f = -15 - 0. Let c = 240 + -155. Calculate the highest common factor of v and c.
5
Let d be -1*(-146 + (-3)/(-10)*-5*6). What is the greatest common divisor of d and 1271?
31
Let n be 1*((-2)/(-3) - (-2)/(-3)). Suppose 2*y = 0, -6*o + 7*o - 3*y - 74 = n. What is the greatest common divisor of o and 2?
2
Let x be 4/6 + (-857440)/(-552). What is the highest common divisor of x and 42?
42
Let j(z) = -2*z**3 - 3*z + 3. Let s be j(-3). Suppose p + 2 = s. Let t(d) = 15*d + 8. Let l be t(0). Calculate the highest common divisor of l and p.
8
Let i(t) = -t**3 - 6*t**2 - 6*t - 9. Let f be i(-6). Suppose -4*h = -4*r + 112, 79*r = 84*r + 4*h - 131. What is the highest common divisor of r and f?
27
Suppose 21*f = 26*f + 5*h - 3090, 14 = 2*h. What is the greatest common factor of 329 and f?
47
Suppose 91*v - 5*j + 245 = 94*v, 3*v + 4*j = 250. What is the highest common divisor of v and 70?
10
Let a = -18 - -41. Let o = 29 - a. Suppose 4*u + 3*r - 5*r - 94 = 0, -2*r - o = 0. Calculate the highest common factor of 77 and u.
11
Suppose -2*v = -5*u - 2217, -5*v + u - 1543 = -7120. Let r = -2643 + 2679. Calculate the greatest common factor of r and v.
36
Let r = -2545 + 2790. Let i(j) = j**2 - 2*j. Let l be i(-5). Calculate the greatest common divisor of l and r.
35
Suppose 59778 = 102*a + 7554. What is the greatest common divisor of 64 and a?
64
Let r = -1 - -10. Suppose -q = 4*v + 2*q + 1, -r = 3*q. Let d = -246 - -248. What is the greatest common factor of v and d?
2
Let x(o) = -28*o - 148. Suppose -63 = 3*i + 3*r, -2*i + 13*r - 16*r - 47 = 0. Let g be x(i). Calculate the highest common factor of 375 and g.
75
Suppose -4*y = -4*f + 30496, -3*f = 5*y - 8065 - 14799. Calculate the highest common divisor of f and 66.
33
Let u = 3303 + -2983. Let c be -7*(1 - 51/21). What is the highest common divisor of u and c?
10
Let f(q) = 2*q**3 + 2*q**2 - 4*q - 1. Let v be f(3). Let o(d) = 15*d - 187. Let t be o(9). Let z = t + v. What is the greatest common factor of 7 and z?
7
Let m(y) = y**2 + 17*y - 291. Let o be m(15). Suppose 128 = 5*g - 27. Suppose 4*b + g = 115. Calculate the highest common divisor of b and o.
21
Let z be ((-3)/3)/(206/(-67568)). Calculate the highest common factor of 48872 and z.
328
Let h(y) = -5*y**3 + 393*y**2 + 161*y - 172. Let c be h(79). Calculate the greatest common divisor of c and 247.
13
Suppose -17615 - 10435 = -43*y + 9*y. What is the greatest common divisor of 200 and y?
25
Let l(h) = h**3 - 102*h**2 + 6*h - 597. Let v be l(102). What is the greatest common factor of 40 and v?
5
Let u(c) = 2*c**2 + 10*c + 64. Let t be u(16). What is the highest common factor of 414 and t?
46
Suppose -31 = -k - 4*v, -9*v = -k - 12*v + 29. Suppose -k*a + 1408 = -12254. What is the highest common divisor of a and 11?
11
Suppose 5*q + 364*f - 361*f = 22, f + 6 = q. What is the highest common factor of 3125 and q?
5
Let q(v) = -v**3 - 4*v**2 - 2. Let l be q(-5). Let m = l - 21. Suppose -4*c - 23 - 8 = -5*p, 5*c + 26 = m*p. What is the highest common divisor of p and 3?
3
Let q = -882 - -899. Let s be -3*(160/12)/(-2). Let f be (s - (3 + 0))*1. What is the highest common factor of f and q?
17
Let y = -6232 + 6799. Calculate the highest common factor of y and 133.
7
Suppose 0 = p + 3 - 8. Suppose -p*n + 92 = 3*l, 0*n + 5*l - 14 = -n. Let v be 15*1 - (n - 19). Calculate the greatest common divisor of 45 and v.
15
Let m be 10750/28 - ((-5434)/(-364) + -15). What is the highest common factor of m and 204?
12
Let g be 1822/7 + 4/(-14). Let a be 2*158/3*(-9)/(-12). Suppose a = 17*y - 363. Calculate the highest common factor of y and g.
26
Suppose 2*h = 4*g + 22, 0*h + 3*g - 11 = -h. Suppose -28 = -h*x + 126. What is the greatest common factor of x and 2?
2
Let a be (-2 - -5157)*2/22 - 5896/(-16214). Let y = -207 + 341. Calculate the highest common factor of y and a.
67
Let h = 234 - 167. Let n = -63 + h. What is the highest common factor of 38 and n?
2
Let c be 93/248 + (-3269)/(-8). Suppose a + z - 425 = 0, 13*z - 18*z = a - c. Let s be (-4)/1*78/(-8). Calculate the highest common divisor of s and a.
39
Suppose 37*u - 32*u - 205 = -g, 3*u - 9 = 0. What is the greatest common divisor of g and 90?
10
Let k(t) = -2081*t + 475. Let r be k(-10). Calculate the greatest common factor of r and 5.
5
Let j be ((-24)/14)/((-12)/56). Let h be (-175)/(-140)*2*j. Suppose 11*l + l - 120 = 0. What is the greatest common divisor of l and h?
10
Let u be (-12)/4 - (-4 + -35). Suppose -m - 4*m - 81 = -4*v, 5*v - 4*m - 108 = 0. What is the greatest common divisor of u and v?
12
Suppose 0 = 17*f + 30*f - 17213 - 7509. Calculate the highest common divisor of 9205 and f.
263
Suppose -715*y + 754*y = 1638. Calculate the greatest common divisor of y and 90.
6
Let h(w) = -214*w - 5. Suppose 0 = -3*g, 7 = -3*z - 3*g + 4. Let y be h(z). Calculate the highest common divisor of y and 38.
19
Let i be (-4 - -2)/((2 - -1)/(-3)). Suppose -i*d + 116 = -144. Suppose -4*t = -9*t + d. Calculate the highest common factor of t and 104.
26
Suppose -2*s - 4*j = -3*j - 24, 0 = 5*s - 5*j - 75. Let q be (-76 - 2)/(3/(-3)). Calculate the highest common factor of s and q.
13
Let v = 6663 + -6633. Let r be (2/(-6))/((-6)/54). Suppose 3*x - s - 140 = 0, -s + 110 = r*x + 4*s. What is the greatest common divisor of x and v?
15
Let m(x) = 8*x + 18. Let v be m(8). Let p = -356 + v. Let c = p + 394. Calculate the highest common factor of 24 and c.
24
Let a = -33 - -67. Let h = -17 + a. Suppose h = 12*w - 7. Calculate the greatest common divisor of 26 and w.
2
Suppose 28 = -f - 5*k, f + 2*k + 2*k = -26. Let n = 22 + f. Suppose -n*g = 25 - 77. Calculate the highest common factor of 130 and g.
13
Let c(n) = 271*n + 4. Let z be c(-7). Let u be 17/(-238) + z/(-42). Calculate the greatest common divisor of 1125 and u.
45
Let b = -13 + 17. Suppose -v - 9 = b. Let f(y) = 2*y + 31. Let j be f(v). Calculate the greatest common divisor of j and 2.
1
Let u(y) = -77*y - 470. Let w be u(-6). Let h be ((-44)/w)/((-10)/(-60)). What is the highest common divisor of 55 and h?
11
Let o(h) = 2*h**3 + 16*h**2 + 12*h + 11. Let v be o(-1). Calculate the greatest common divisor of 101 and v.
1
Suppose -5*s + 134 - 449 = 0. Let y = s + 37. Let a = -16 - y. What is the highest common divisor of 20 and a?
10
Suppose 2*f + 706 = 15*k - 14*k, f = 4*k - 2803. Calculate the greatest common divisor of k and 180.
20
Suppose w + 625 = 6*w. Suppose -7 = 4*n - 507. Suppose -26*h + 21*h + n = 0. What is the highest common divisor of h and w?
25
Let q be 1 - 7 - (-148 - 0). Let y = q + 29. What is the greatest common divisor of y and 114?
57
Let r be ((-6)/9)/((-2)/198). Let y be ((-2 + -14)*33/12)/(8/(-16)). What is the highest common factor of y and r?
22
Suppose 167*y = 312*y - 161*y + 128. Let j(l) = -l**2 - 8*l. Let i be j(-6). What is the greatest common factor of y and i?
4
Suppose 460*x = 440*x. Suppose x = 49*v - 2693 + 537. Suppose 0*g - 2*g = -44. Calculate the highest common divisor of v and g.
22
Suppos